ommon factor of a and 3.
3
Suppose 5*v = i + 26, 18 = 3*v - 0*i - 3*i. Suppose -3*a = -v*l + 467, 3*a + 285 = l + 2*l. Calculate the highest common factor of 13 and l.
13
Let w(f) = f**3 - 3*f**2 - 3*f + 1. Let m be w(4). Suppose m*h = 72 - 17. Let s = 32 - -67. Calculate the greatest common divisor of s and h.
11
Suppose -3*z = -2 - 7. Suppose 2*o + z = 33. Suppose -l + o = -0*l. Calculate the highest common divisor of 6 and l.
3
Let k = 5 - 5. Suppose -4*z + 3*z + 54 = k. What is the highest common factor of 81 and z?
27
Let o = 3 + 10. What is the highest common divisor of 13 and o?
13
Let p(n) = -2*n + 1. Let r be p(-6). Let k = 88 + -30. Suppose -2*h + k = -3*i, 0*i = 4*i + 8. Calculate the highest common factor of h and r.
13
Let u(z) = z - 4. Suppose -h + 5*x + 5 = -0, -x = -2*h + 19. Let j be u(h). Calculate the greatest common divisor of j and 15.
3
Let y be (-11 + 22)/((-1)/4*-2). What is the greatest common factor of 154 and y?
22
Let y(w) = 142*w**2 + 2*w - 1. Suppose 5*i - 2 = 3. Let s be y(i). Calculate the greatest common factor of 13 and s.
13
Suppose d = 10 + 67. Let w be d/21 + 1/3. Let a be 1 - 1 - (-88)/w. Calculate the highest common factor of a and 2.
2
Let b = -6 - -11. Suppose -3*w - l - 4*l = -4, b*l = 10. Let s be w/(-4)*(22 + 2). What is the highest common divisor of 24 and s?
12
Let w be (2/2)/((-3)/(-66)). Let o(p) be the first derivative of 7*p**2/2 - 3*p - 2. Let g be o(2). Calculate the greatest common factor of g and w.
11
Let i(l) = -6*l - 7. Let t be i(-3). Suppose 0 = 3*o - 315 - 48. What is the highest common factor of t and o?
11
Suppose 0 = -n - 2*n + 5*i - 2, 2*n + 4 = 4*i. Let c = n - 2. Suppose d = 4*l + 3*d - 426, c*l - 4*d = 408. Calculate the highest common divisor of 15 and l.
15
Let f = 22 + -6. Suppose h = -3*r + f, -5*h + 3*r + 132 = 5*r. Calculate the greatest common factor of h and 4.
4
Let u be (2/(-4))/(14/(-84)). Let w(j) = j**2 + 2*j + 2. Let p be w(-2). Calculate the greatest common divisor of u and p.
1
Let n be 3 - (1 + (-4 - -4)). What is the greatest common divisor of n and 22?
2
Let w(d) = d**3 + 4*d**2 + 6*d - 1. Let f(q) = -q**2 - q + 1. Let b(u) = 5*f(u) + w(u). Let i be b(0). What is the highest common divisor of i and 4?
4
Let n(z) = z + 1. Let u be n(-2). Let s(v) = -10*v - 12*v - 8*v. Let p be s(u). What is the highest common divisor of 6 and p?
6
Let u(v) be the first derivative of -5*v**2/2 + 5*v - 2. Let i be u(-5). What is the highest common factor of i and 6?
6
Let w(j) = 10*j**2 + 2*j. Let h be w(2). Let v = -7 + 11. Calculate the highest common divisor of v and h.
4
Suppose 3*p - 23 = -2*z, 5*p - z - 34 = -0*z. Let y = -33 + 54. What is the highest common factor of y and p?
7
Suppose 2*h + 3*g - 7 - 12 = 0, h = -g + 7. Suppose 72 = d + h*d. Calculate the greatest common factor of 8 and d.
8
Let k(l) = -l**3 + 6*l**2 + 2*l. Let t be k(6). Let y(z) = 3*z + 19. Let b be y(-5). Calculate the greatest common divisor of b and t.
4
Suppose 3*k = -12 - 9. Suppose 6*p - 4 = 4*p. Let u = p - k. Calculate the greatest common divisor of 6 and u.
3
Let i be (402/(-12))/((-3)/(-6)). Let s = -47 - i. What is the highest common divisor of s and 100?
20
Let m be -27*1/6*-2. What is the greatest common divisor of 63 and m?
9
Suppose 2*j - 9 - 9 = 0. Calculate the highest common factor of j and 72.
9
Suppose -2 - 8 = -w. Suppose 4*s = -2 + w. Suppose -5*c + 17 = 2*h - 0*c, -1 = -h - 5*c. What is the greatest common divisor of s and h?
2
Suppose -3*u = -68 - 61. Let a = u + -24. Let j = 41 + a. Calculate the greatest common divisor of j and 12.
12
Suppose -5*u - 42 = -177. What is the greatest common divisor of u and 243?
27
Let h = -5 + 6. Let m be ((4 - 2)*-2)/h. Let b = m - -16. Calculate the highest common divisor of b and 84.
12
Suppose -k = 3*g - 9, 3*k - 5*k = -3*g. Suppose -2*z = 5*i - 2, g*z = 4*z + 4*i - 4. What is the greatest common divisor of 6 and z?
6
Suppose u + 47 = -3*w + 3, 3*u - 36 = 3*w. Let q be w/(-3) - 6/(-18). Suppose 0 = q*i - 87 - 93. What is the highest common divisor of 9 and i?
9
Let a(z) = -z**2 + 5*z - 3. Let s be a(3). Let v be 18/(-5)*(-10)/3. Let i = v + s. What is the highest common factor of i and 120?
15
Let l(g) = -g**3 - g**2 + 3*g + 3. Let a be l(-3). Suppose h = o + a, -4*o + 26 + 6 = 4*h. What is the highest common factor of 70 and h?
10
Let h(v) = -v**2 + 7*v - 3. Let d be h(6). Let r be 1/5 + (-19)/(-5). Suppose -14 = -r*k + 22. Calculate the highest common divisor of k and d.
3
Let q = -4 + 4. Suppose 0*n - 4*n + 96 = q. Suppose 0 = -p + j + 6 - 2, 12 = 3*j. What is the highest common divisor of n and p?
8
Let s = -13 - -17. Suppose 2*d + 24 - 238 = 0. Suppose s*v = 2*f + 226, 0*v + 2*v = -f + d. Calculate the highest common divisor of v and 22.
11
Suppose 5*d - d + 108 = 4*f, -d = 2*f - 42. Let n be f/1 - (0 - 2). Calculate the greatest common divisor of 10 and n.
5
Let s(y) = 2*y - 14. Let v be s(10). Let g(k) = k**2 - 5*k + 6. Let p be g(v). What is the highest common factor of p and 60?
12
Let p = 18 + -46. Let m be 8/p + 30/7. What is the highest common factor of m and 12?
4
Let v(l) = 2*l + 1. Let r be v(1). Let q be 0 + 3 + 4/(-2). Suppose 4*j - q = r. What is the greatest common factor of j and 4?
1
Let y = -44 + 17. Let m = 63 + y. Let j be (0 + 2)*m/1. Calculate the greatest common divisor of j and 9.
9
Let n = 13 + -8. Calculate the greatest common divisor of 35 and n.
5
Let d be (4 - -5 - -21) + 6. Suppose -y + 18 = p, 0 = -y + 4*y. Calculate the greatest common divisor of p and d.
18
Suppose -103 - 86 = -3*x. Let l be (x/(-4))/((-6)/16). Calculate the greatest common divisor of 14 and l.
14
Let h(a) = a**3 + 7*a**2 + 9*a. Let r be h(-3). What is the highest common factor of r and 2?
1
Let c(f) = 6*f - 6 + f**3 + 2*f - 6*f + 2*f. Let w be c(6). Calculate the greatest common factor of 26 and w.
26
Let k = 29 + -11. Suppose -k = -0*q - 3*q. Suppose 3*y - 186 = q. Calculate the greatest common factor of y and 16.
16
Let u = -33 - -61. Suppose -u = -5*v + 5*q + 17, v - 29 = 5*q. What is the highest common divisor of 10 and v?
2
Let d(r) = -3*r + 6 - 4 + 4*r - 2*r + 4*r**2. Let t be d(2). Suppose -q - 258 = -4*f, -5*q = -f + 50 + 24. Calculate the greatest common divisor of f and t.
16
Let y = -200 - -235. Calculate the greatest common divisor of 21 and y.
7
Suppose 2*h - 108 = -2*h. What is the highest common divisor of h and 3?
3
Let o be 598/10 + (-5)/(-25). Let f be 86/6 + 4/6. What is the greatest common factor of o and f?
15
Let x be -1 - (258 - 2)/(-4). Calculate the greatest common divisor of x and 7.
7
Let m be -1 - (-3 + 63 - -1). Let l = 8 - m. What is the greatest common divisor of 14 and l?
14
Suppose 0 = -4*l + 2*c + 3*c + 8, -8 = -4*l - 3*c. Suppose 5*w - 32 = -3*d, -w - l*d + 4 = d. Calculate the greatest common factor of w and 56.
7
Let o be (-1)/(1/(-16)) - 3. Calculate the greatest common divisor of 39 and o.
13
Suppose -4*z + 8 = -16. Calculate the greatest common factor of z and 6.
6
Suppose 5*s = -2*u + 4*u + 210, -5*u + 157 = 3*s. Suppose -5*j + 6*p + 125 = p, -3*p = 4*j - 79. What is the greatest common factor of s and j?
22
Let f(b) = -1 + 0 - b**2 + b**2 + b**2. Let w be f(4). Suppose -5*t + 21 + 14 = -3*c, 4*c = t + 10. Calculate the greatest common factor of w and t.
5
Suppose 4 = o - 0. Suppose o*f = 6 + 250. Calculate the highest common factor of 16 and f.
16
Let i = -17 + 9. Let c = i + 13. What is the greatest common divisor of 35 and c?
5
Let g = -12 - -10. Let k be 2 + (g - (-4 + 1)). Calculate the greatest common divisor of 33 and k.
3
Suppose 17*j = 16*j + 65. What is the greatest common divisor of j and 13?
13
Let d(j) = j**2 + 6*j - 87. Let h be d(7). Let a(f) = f**3 - 4*f**2 - 4*f - 4. Let n be a(5). Calculate the greatest common divisor of n and h.
1
Let c(t) = t**3 - 8*t**2 + t + 8. Let d be c(8). Suppose 4*j = -5*z + 23, 2*z + j = -4*j + d. Let v = 0 - -9. What is the highest common divisor of v and z?
3
Suppose -3*j + 29 = -19. Suppose 0 = -w - 2*y + 38, y = 4*w + 3*y - 158. What is the greatest common divisor of w and j?
8
Let k(p) = p**2 + 4*p + 1. Let b be k(-3). Let o = b - -6. Let g(x) = -x**3 + 4*x**2 + 5*x + 1. Let j be g(o). What is the greatest common divisor of j and 147?
21
Let j